 419. Suppose 5*a - 201 - 274 = 0. Let n = a - g. Calculate the greatest common factor of 18 and n.
9
Suppose j - 6*p = -4*p + 2, 0 = -5*j - 3*p + 10. Let y be j*(-4)/(-40) + 458/10. What is the highest common divisor of y and 69?
23
Let v(x) = 168*x + 4*x**2 + 6 - 176*x - 3*x**2. Let g be v(8). What is the highest common divisor of g and 30?
6
Suppose 4*m - 5*y - 204 = 0, -88*m + 54 = -87*m - 2*y. Let a be (-2 + -19)/(-1 + 0). Let i = m - a. Calculate the greatest common factor of 100 and i.
25
Let d(w) = -w**2 + 64*w + 8005. Let r be d(127). Suppose -170 = 2*m - 7*m. What is the highest common divisor of r and m?
2
Suppose 0 = 7*r - 14*r - 112. Let h = -8 - r. What is the highest common divisor of 40 and h?
8
Suppose 5*b + 0*b + 97 = 3*f, -f + 19 = -5*b. Let p = -13200 + 13215. Calculate the greatest common factor of p and f.
3
Let l = -905 - -1353. Let t = 10876 + -10708. What is the highest common factor of t and l?
56
Let v be 18/3 + (-40)/(-7 + 17). Suppose -3*y + 240 = v*y. Suppose 7*p - 3*p - 24 = 0. Calculate the highest common factor of y and p.
6
Let u = 9879 - 9876. What is the highest common divisor of u and 1680?
3
Let a(t) = 78*t**2 - 31*t - 86. Let k be a(-2). Calculate the highest common divisor of k and 1092.
12
Let c(w) = -w**2 - 24*w - 10. Let z be c(-19). Suppose -26*m + 21*m = -z. Calculate the highest common factor of 68 and m.
17
Suppose 0 = -4*c - 2*b + 668, -3*c = -5*c - 3*b + 342. Suppose 0 = -2*k + 7*k - c. Calculate the highest common divisor of 44 and k.
11
Let p(o) = -o**3 + 30*o**2 + 73*o - 507. Let y be p(30). What is the highest common factor of y and 17?
17
Let y = 473 + 147. Suppose y + 185 = 5*f. Suppose -28*w = -30*w + 46. What is the highest common divisor of w and f?
23
Let x be ((-8)/(-10) - 1) + (-37810)/(-50). Suppose 10*b - 31*b + x = 0. What is the highest common divisor of b and 4?
4
Let o = -26 - -54. Suppose 42*x + 520 = 4636. Calculate the greatest common divisor of x and o.
14
Let k = 0 + -1. Let r be (-218)/(-10) - k/5. Suppose 0 = -2*u + 2, 11*f - 3*u + 113 = 12*f. Calculate the highest common divisor of r and f.
22
Let f = -4541 - -6381. What is the greatest common factor of f and 322?
46
Let l be -30*(7 - 917/35). Calculate the greatest common divisor of l and 720.
144
Suppose -105*v + 777 = -378. Calculate the greatest common divisor of 297 and v.
11
Let c = 59 - 24. Let f be ((-4)/(-7))/(9/63). Let i be 1/f + 1116/16. Calculate the highest common factor of i and c.
35
Suppose 2*d = -3*i - 1700, -4*i - 2*d + 2812 = -9*i. Let c = -174 - i. What is the greatest common factor of c and 30?
30
Let x(a) = 2*a**3 + 34*a**2 - a + 15. Let v be x(-17). Suppose -173 - v = -5*i - j, -2*i + 4*j = -60. Calculate the highest common divisor of 90 and i.
10
Suppose -36*x = -2*a - 37*x + 1, 3*a - 19 = 2*x. Suppose -b = 5*l - 130, b + 3*b - 520 = -a*l. Calculate the highest common divisor of 50 and b.
10
Suppose 0*u + 11 = 2*u + 3*a, a = -4*u + 27. Suppose 0 = 19*z - u*z - 180. What is the greatest common factor of 45 and z?
15
Suppose -m + 4*w + 45 = 0, -3*w = 3*m + 2*w - 186. Suppose -f + m = -0*f. Let s be (4 - 23)/((-42)/12 + 3). What is the highest common divisor of f and s?
19
Let v(y) = y**2 - 8*y - 7. Let r = -4 - -13. Let g be v(r). Suppose 0 = -2*o + n + 63, 0 = -g*n - n + 3. Calculate the highest common divisor of o and 80.
16
Let a = -34 - -38. Suppose 244 = -a*n + 304. Calculate the highest common divisor of 195 and n.
15
Let w(x) = 66*x**2 + 6*x - 26. Let b be w(-8). What is the greatest common divisor of 166 and b?
166
Suppose -121061 = -53*j - 20*j + 26472. What is the greatest common factor of 172 and j?
43
Suppose 0 = 2*q - y - 328, 0*q - 2*q = -7*y - 304. Suppose 0 = -162*c + q*c - 28. What is the greatest common factor of 427 and c?
7
Let j(h) = 952*h + 55. Let i be j(0). What is the greatest common factor of 22055 and i?
55
Suppose 2*r - 43 = 41. Let o = 39 - r. Let v be (80 - o) + (-2 - -2) + -1. What is the greatest common factor of 123 and v?
41
Suppose -3 + 5 = -2*q, 0 = -4*a - q + 211. Suppose 3*t - 28 = a. Suppose -w + 2*w - 3 = 0. Calculate the greatest common divisor of w and t.
3
Suppose 0 = -0*u + 7*u - 7350. Suppose l = -4*l + u. Suppose -3*b - 4*y + 444 = 0, 5*b + 4*y + l = 942. Calculate the greatest common divisor of b and 16.
16
Let d be (-24)/(-4) + -5 + 2. Let k be 3/(36/39)*(d + 1). Let b = 80 + k. Calculate the highest common factor of b and 62.
31
Let a(p) = 17*p**3 + 120*p**2 - 12*p + 3. Let g be a(-7). What is the greatest common divisor of g and 5474?
34
Let d(m) = -11*m - 21. Let c be d(-6). Let l be ((-12)/15)/((-18)/c) + 388. Calculate the highest common factor of 156 and l.
78
Let n(h) = -h + 12. Let q be n(5). Let p be ((-63)/2)/(54/(-24)). What is the highest common divisor of p and q?
7
Let i be (-2)/(-7) - 264/(-56). Suppose y + 4*y - 2*r - 180 = 0, -y - i*r = -9. Calculate the greatest common divisor of 119 and y.
17
Let y(g) = 100*g**2 + 59*g + 190. Let d be y(-3). Calculate the highest common factor of d and 498.
83
Let b be ((-45)/(-12))/((-36)/(-2688)). What is the greatest common divisor of b and 35?
35
Suppose 0 = 3*b + 4*g - 98, 6*b - 54 = 4*b + 3*g. Calculate the highest common divisor of b and 230.
10
Suppose 4*g + o = 899, -4*g + 819 = 6*o + 11*o. Calculate the greatest common divisor of g and 10.
2
Suppose -h + f + 235 = 0, 4*f + 255 = h - f. What is the highest common factor of 260 and h?
10
Let k = -2138 + 2155. What is the highest common factor of 629 and k?
17
Let m(z) = -2*z**2 + 13. Let t be m(0). Suppose -4*u + t*h - 14*h = -895, -u - 2*h = -222. What is the highest common divisor of 14 and u?
14
Let w be ((-166)/4)/((-1)/2). Suppose -3*y + 249 = v, -62*y = -67*y - 12*v + 415. What is the greatest common factor of w and y?
83
Let q(s) be the second derivative of -s**5/10 + 5*s**3/6 + s**2/2 - 3*s - 2. Let k be q(-2). Calculate the highest common factor of 63 and k.
7
Let q(p) = 37*p + 198. Let i be q(-6). Let l be (10/4)/(12/i) - -9. Calculate the greatest common divisor of l and 5.
1
Let d be (-14)/(-21)*(757 + (0 - 1)). Suppose 0 = 2*z - x - d, 22*z = 21*z - 3*x + 238. What is the greatest common factor of 50 and z?
50
Let d = -45 + 47. Suppose 0 = 6*m - d*m - 24. Suppose m*n + 80 = 2*k + n, 0 = 4*n. Calculate the highest common divisor of k and 5.
5
Suppose -5*w + 704 = -6*s, 0 = -5*w + 5*s - s + 716. What is the greatest common factor of 8 and w?
4
Let o be (3/(-6))/(2/48). Let i be (-7 + -1)*6/o. Suppose k = -3*a + 198, i*a - 4*k - 216 - 48 = 0. Calculate the highest common divisor of 22 and a.
22
Let b be -3 - (6 + -3)*1. Let r(c) = 2*c**2 - 5*c + 4. Let z be r(b). Suppose -4*f + 110 = -z. What is the greatest common divisor of f and 36?
18
Let i be (368/(-10))/(44/(-110)). Suppose -3*x - 86 = -i. Calculate the greatest common factor of x and 10.
2
Let c be 3 + 11/(11/2). Suppose -15 = 2*a - c, -5*q = a - 5715. What is the greatest common divisor of q and 13?
13
Suppose 4*i + 361 = 2*k - 557, 3*k + 3*i - 1341 = 0. What is the greatest common factor of k and 11?
11
Let l(s) = -s**3 - 66*s**2 - 1029*s + 70. Let v be l(-25). What is the highest common factor of v and 13634?
34
Suppose -k - 32 = -i, -70*i + 10*k + 1972 = 7*k. Calculate the greatest common factor of i and 2324.
28
Let l = -8 - -27. Suppose 47 = 2*f + l. Let d = -340033 - -340173. Calculate the highest common divisor of d and f.
14
Let q = -1967 + 2051. What is the highest common factor of 15 and q?
3
Suppose -12*p + 24 = -7*p + 3*h, -2*h - 28 = -4*p. Suppose -177 = p*r - 9*r. Calculate the highest common factor of 649 and r.
59
Let l(y) = 62*y + 4546. Let k be l(-47). Calculate the highest common divisor of 228 and k.
12
Let i be (69 - 28 - -11)/(1/58). What is the highest common divisor of i and 416?
104
Suppose -2*t = -3*k - 103, 5*k = -2 + 17. Let a be (-4)/2*t/16*-1. Suppose -138 - 114 = -a*g. What is the highest common factor of g and 96?
12
Let t(h) = h**3 - 15*h**2 - 28*h - 89. Let q be t(17). Let v be 0/5 - -3 - (-141 - -1). Calculate the greatest common factor of v and q.
13
Suppose -3*q - q - 6 = 3*z, -q = -4*z - 8. Suppose q*v = v - 9. Suppose -13*f + 352 = -v*f. Calculate the highest common factor of 8 and f.
8
Let o be (0 + 0)/(22/(-11)). Suppose o = -q